(s).
11
Let t(j) = j**2 - 8*j + 8. Let k be (-1*1/(-4))/(6/168). What is t(k)?
1
Let l be (-1)/1 + 0 + 3. Let h be l/(0 + 1) - (22 - 22). Let t(s) = s + 2*s**2 + s**h - 2*s. Give t(-2).
14
Let u(s) = s**3 + 3*s**2 - 4*s - 3. Let v(r) = r - 24. Let n be v(24). Suppose -b + 17 = 2*j - n, j - 11 = -b. Let w = j + -9. Calculate u(w).
9
Let d(o) = 5*o**2 + 16*o - 36. Let u(t) = 17*t**2 + 49*t - 107. Let n(g) = 7*d(g) - 2*u(g). Let z be n(-16). Let h(q) = q**3 + 5*q**2 - 4*q - 2. Give h(z).
-14
Let h(k) = -6*k**2 - 86*k - 15. Let g(t) = -3*t**2 - 40*t - 7. Let z(s) = 9*g(s) - 4*h(s). Give z(-6).
-15
Let r(n) = -n. Let f(o) = -8*o. Let v(b) = -5*f(b) + 30*r(b). Suppose 0 = -4*j + 20*x + 232, 3*j - 368 + 362 = x. Calculate v(j).
-20
Let r(l) = -16203*l + 16196*l + 5 + 4. Let v be (8/6)/((-2)/(-36)). Let h(f) = -f + 1. Let b(s) = v*h(s) - 3*r(s). Determine b(-2).
3
Let y(s) = 2*s**3 - 16*s**2 + 2*s - 13. Let p(c) = 17*c**2 - 72*c + 84. Let o be p(2). Determine y(o).
3
Let o(g) = -5*g**2 - 123*g - 72. Let f be o(-24). Let k(l) be the first derivative of f*l - 5 - 1/2*l**2 - 3*l**3. What is k(1)?
-10
Let k(b) = 30 + 31 + b - 83 + 30. Let h = -37 + 37. What is k(h)?
8
Let m = 3835 - 3847. Let g(n) = -2*n + 7. Calculate g(m).
31
Let m(c) = c**3 + 17*c**2 - 18*c - 21. Let n(t) = t**2 + 32*t + 157. Let v be n(-7). What is m(v)?
-21
Let w(i) = 81*i + 1449. Let y be w(-18). Let m(u) = 9*u + 78. Calculate m(y).
-3
Let j(b) = -192*b + 1 + 614*b - 197*b - 209*b - 6. Determine j(-4).
-69
Let c(s) = -3*s**3 + 6*s**2 - 4*s + 1. Let g(p) = -7*p**3 + 13*p**2 - 9*p + 1. Let t(y) = -5*c(y) + 2*g(y). Let d be 342/(-285)*((-100)/15)/2. Give t(d).
5
Suppose -4*q = -4*g + 12, -q = -5*g - 4*q + 23. Let u(w) = -g + 71*w - 140*w + 67*w. Let j(o) = o**2 + 5*o - 3. Let t be j(-6). Determine u(t).
-10
Let b(k) = k**3 - 7*k**2 - k + 10. Let x(p) = -23 - 4 - p + 11 - 15. Let q be x(-24). Let l = 14 + q. Give b(l).
3
Let h(d) = 7*d + 10. Let o(u) = 40*u**3 + 2*u**2 + 2*u - 2. Let k be o(1). Let l be (5/45*k)/(4/(-6)). Calculate h(l).
-39
Let h(k) = -k - 5. Let w(j) be the second derivative of j**4/3 + 5*j**3/6 + 9*j**2 + 95*j. Let v(c) = -3*h(c) - w(c). Give v(-3).
-33
Let v(w) = -2*w + 8. Suppose -5 = u, 11*a + 4*u = 15*a - 4. Calculate v(a).
16
Let d(h) = 2*h - 5. Suppose -4*b + 3*a = -23, -b = 9*a - 14*a - 27. Let n = 91 + b. Suppose 7*m = n - 23. Calculate d(m).
15
Let g(z) = z**3 - 16*z**2 + 19*z - 63. Let v be g(15). Let n(y) = 7*y**2 + 7. Determine n(v).
70
Let q(r) be the second derivative of r**3/6 + 22*r**2 + 2*r - 2827. Calculate q(-20).
24
Let l(m) = -2*m**2 - 17*m + 4. Suppose 35 + 40 = -15*w. Let n(i) = -i**2 - 8*i + 3. Let j(z) = w*n(z) + 2*l(z). Calculate j(-5).
-12
Let u(v) be the first derivative of -v**3/3 - 6*v**2 - 10*v - 1577. Suppose 3*r = 5*r + 22. Determine u(r).
1
Let t(l) = -5*l + 10. Let i be 8 - -1*(64/(-8) + (-4 - -2)). Determine t(i).
20
Let j(r) be the first derivative of -r**3/3 + r**2/2 + r - 979. Calculate j(0).
1
Suppose 55*t - 60*t + 85 = 0. Let m be ((-18)/4)/(t/34). Let a(i) = -i**2 - 8*i - 4. Give a(m).
-13
Let o(q) = 46 - 147 + 8*q + 39 + 49. What is o(2)?
3
Let w(m) = 156*m + 1088. Let r be w(-7). Let b(l) = -3*l**2 - 4*l - 5. Calculate b(r).
-37
Suppose -18 = 6*y - 30. Let u(s) = 8*s**2 + 7*s**2 + s**3 + 9*s**2 + 6 + 5*s - 18*s**y. What is u(-4)?
18
Let t(n) = -3*n**3 - 1293*n**2 + 2591*n - 3. Let l be t(2). Let h(v) = 5*v - 14. Let w(k) = -k - 1. Let b(a) = -h(a) - 6*w(a). Determine b(l).
3
Let f(u) be the third derivative of 19*u**4/24 + 2060*u**2. Determine f(-2).
-38
Suppose 0 = -4*g - 2*z - 4 + 36, -7 = -g - z. Let f(b) = -b**2 + 10*b - 15. Calculate f(g).
-6
Suppose -158*f + 141 = -175. Let b(d) be the second derivative of 17*d + 0 - 9/2*d**f + 1/3*d**3. Give b(6).
3
Let s(v) = v + 8. Let c = 85 - 50. Suppose 0 = -6*u - u + 462. Let x be u/(-15) - 21/c. What is s(x)?
3
Suppose -5*n - 13 = -d, 6*n + 2 = 5*n. Let m(x) = -3*x + 4. Determine m(d).
-5
Let m(d) = d**3 - 6*d**2 - d + 6. Let q be m(6). Let b be ((-222)/(-4))/((-5)/(-210)). Let w(s) = -8 - 2332*s + b*s - 1. What is w(q)?
-9
Let d(b) = b**3 + 12*b**2 - 15*b - 30. Suppose 19*n - 28*n = 36. Let k be n/7 - (-696)/(-56). Give d(k).
-4
Let y(g) = -82*g + 29. Let b be y(-9). Let j(l) = -780*l**2 + 1525*l**2 + 3*l - b*l**2 - 2. Give j(1).
-21
Let i(m) = 0 - 25*m + 1 - 18*m. Let u be ((-55)/275*1)/(-2 + (-11)/(-5)). Give i(u).
44
Let q = -7537 + 7557. Let u(b) be the third derivative of 0 - 5/24*b**4 - q*b**2 + 0*b - 2/3*b**3. What is u(-4)?
16
Suppose 35 = 4*w + 3. Let n(i) = 0*i - i + 11 - 14*i - 2*i + 23*i**2 + 7*i - 22*i**2. Determine n(w).
-5
Let p(u) = 7*u - 76. Let i be p(11). Let j(f) = -10*f**3 - f**2 + 2*f + 1. Calculate j(i).
-8
Let s be (1 + -2)/(3/99*-3). Let p(z) = 4 + z + s - 3 + 1 + 1. Calculate p(10).
24
Let p(n) = -14*n**2 + 18*n + 21. Let r(w) be the third derivative of w**5/12 - 7*w**4/24 - 7*w**3/6 - 2*w**2. Let k(v) = 6*p(v) + 17*r(v). Determine k(9).
-11
Let w(s) = 2*s**2 + 53*s + 55. Let y(t) = -t**2 - 17*t - 1. Let z(g) = -w(g) - 3*y(g). Give z(-5).
-17
Let g(x) = -22*x + 228. Let d(b) = 23*b - 208. Let t(y) = -3*d(y) - 2*g(y). Determine t(6).
18
Let n(v) = -v - 51. Suppose -4*o = -3*z - 33, 3*z + 14*o = 13*o - 48. What is n(z)?
-36
Let d = -105 + 90. Let j(r) = -r**3 - 13*r**2 + 30*r - 12. What is j(d)?
-12
Let m(s) = 2*s**3 + 3*s**2 - 3*s. Let w(a) = -3 + 3*a**2 + 2 - 4 - 6*a - a**2. Let b be w(-1). Suppose 35 = -b*d + 26. Give m(d).
-18
Let j be 2 - (-4 + 2) - 4. Let i(g) be the first derivative of -12 + 1/3*g**3 + 4*g - 1/2*g**2. Give i(j).
4
Let t = -17 + 8. Let k be (6/13)/((-126)/(-819)). Let m(d) = -79*d**3 - 2*d**2 + 12*d**2 + 0*d - 7 + 8*d + 80*d**k. Calculate m(t).
2
Suppose -252*r + 261*r - 126 = 0. Suppose 75*p - 82*p = r. Let i(u) = -2*u + 1. Give i(p).
5
Let u(g) = g**3 - g. Let s(q) = -4*q**3 + 7*q**2 - 2*q - 6. Let r(k) = s(k) + 3*u(k). Let f be 148 + -6 + 0 + 1. Let d = f + -137. What is r(d)?
0
Let u(x) = 2*x**2 - 3*x - 4. Suppose 5*h - d + 83 = -101, -4*h - 152 = 4*d. Let o = h + 45. Suppose -o = -5*v + 7. What is u(v)?
5
Let b(c) = -c**3 + 2*c**2 + 7*c - 5. Let v be 1*1/(-7)*-7. Let n be v - (-18 - (-3)/1). Suppose -4 + n = 3*g. Give b(g).
-9
Let m be 3*(3 + -42)/(-1). Let i = -112 + m. Let s(t) = 3 - 1 - 6*t + 6 - i - 2*t**2. Give s(-5).
-17
Suppose 154*u = 165*u - 22. Suppose 0 = 2*h - 0*q + u*q + 8, -4*q = -5*h - 20. Let i(b) = b**3 + 3*b**2 + 2*b + 6. Calculate i(h).
-18
Let h be 38/6 - (-4)/6. Let s = -5260 + 5262. Let o(y) = 3*y - h - y + s*y. Calculate o(7).
21
Suppose 3*h - 246 = -3*k - 0*k, k - 390 = -5*h. Suppose h*t - 83*t - 36 = 0. Let i(q) = -q**3 - 7*q**2 - 5*q - 2. Give i(t).
-8
Let f be 8/10 - 10854/(-2345) - 8/(-14). Let l(a) = 64*a - 383. Determine l(f).
1
Let f(w) = w**2 - w**3 - 52 - 3*w**3 + 50 - 5*w + 5*w**3. Let j be f(2). Let n(z) be the second derivative of -z**3/6 + 9*z**2 - 2*z. What is n(j)?
18
Let a(n) = -n**2 - 8*n + 12. Let r(f) = -7*f + 33. Suppose 7*p + b + 28 = 2*p, 4*p - b = -26. Let u be 8/4 - (-10)/(-15)*p. Let z be r(u). Give a(z).
3
Let m(t) = -16*t**2 + 24*t - 65. Let u(h) = 51*h**2 - 72*h + 203. Let f(y) = -19*m(y) - 6*u(y). Determine f(-12).
17
Let n(k) = k**3 - 2*k**2 + k - 1. Let t(j) = 10*j + 10. Let y(h) = -h + 1. Let u(z) = t(z) + 4*y(z). Let v be u(-11). Let s = v + 55. What is n(s)?
11
Suppose -c = 3*j - 5, 0 = c - j - 3 + 2. Let n be 3*(1 + (0 - c)). Let i(x) = -x**3 - 2*x**2 + x - 2. Give i(n).
4
Let l(p) = 4*p + 6. Let u be (2 - 4)/(4/(-74)). Let g = 32 - u. What is l(g)?
-14
Let y(r) = -6*r + 152. Let w be 25 - (9*1 + -2 - 228/38). Give y(w).
8
Let m(u) = 218*u + 97. Let c(p) = -353*p - 145. Let w(t) = 5*c(t) + 8*m(t). Calculate w(4).
-33
Let q(w) = -6*w**3 - w**2 - w - 1. Let c = -18 - 3. Let m = -16 - c. Let v(y) = 11*y**3 + 2*y**2 + y + 2. Let o(n) = m*q(n) + 3*v(n). What is o(1)?
3
Suppose 159 = -8*x - 17. Let z(i) = i + 20. Give z(x).
-2
Let t(a) = -2*a**3 + 19*a**2 - 6*a - 21. Let g(u) = 2*u**3 - 18*u**2 + 4*u + 18. Let w(q) = -6*g(q) - 5*t(q). What is w(7)?
-10
Let x be (-7 - (1998/(-30))/9) + 88/55. Let p(k) = -14*k**2 - k + 8. What is p(x)?
-50
Let t(a) = -a**2 + 4*a - 2. Let p(l) = l**2 - 3*l + 2. Let u(z) = -4*p(z) - 3*t(z). Let n = -515 + 515. Determine u(n).
-2
Let u = -